, what is -3c5cb2 - 26?
-3c6008
In base 2, what is -10 - -100110100101110?
100110100101100
In base 12, what is -5 + 1091748?
1091743
In base 2, what is 10001111111001111011111101 + 1?
10001111111001111011111110
In base 15, what is 1b35 + 33d?
1e73
In base 12, what is -3514 - 48589?
-4baa1
In base 2, what is 10110000111111011100100 + -10?
10110000111111011100010
In base 15, what is -78cce - -e?
-78cc0
In base 9, what is 1 - 17416655?
-17416654
In base 8, what is 12472215 - -2?
12472217
In base 9, what is -1480427 + -1?
-1480428
In base 11, what is -a03 + -3967?
-486a
In base 16, what is 4c547f + 1ba?
4c5639
In base 16, what is 20a + 4069?
4273
In base 15, what is -4c77 + 826e?
34e7
In base 6, what is 320243 - -54?
320341
In base 11, what is -13906 - 1971?
-15777
In base 15, what is 6a85e - -16?
6a875
In base 14, what is 1 - 212c637?
-212c636
In base 13, what is -5 + -617262?
-617267
In base 4, what is -30131112313332 + 10?
-30131112313322
In base 13, what is -1668 + -9c8?
-2363
In base 2, what is 111100001010001010 + -100100?
111100001001100110
In base 6, what is 35 - -1550430542?
1550431021
In base 14, what is 768 + 9175a?
920c4
In base 13, what is -8 + -1aaa2c?
-1aaa37
In base 3, what is -102 - -1000212020012?
1000212012210
In base 11, what is -280011611 + 4?
-280011608
In base 11, what is 176538152 + -2?
176538150
In base 13, what is 178 + 13081?
13229
In base 8, what is -4 - 172206414?
-172206420
In base 15, what is -118d8 + -270?
-11b58
In base 6, what is -1 + -11053110?
-11053111
In base 16, what is -22a62 + -7e?
-22ae0
In base 12, what is 11b - 7213a3?
-721284
In base 8, what is -330 - 36411?
-36741
In base 3, what is -10220110101122212 - -12?
-10220110101122200
In base 16, what is 326730 + -1?
32672f
In base 14, what is -608d + -345?
-63d4
In base 5, what is -1 + 211133214?
211133213
In base 15, what is -1d - abbb85?
-abbba3
In base 10, what is 414300 + -11?
414289
In base 3, what is 201212021021101121 - -12?
201212021021101210
In base 10, what is 383271 - 1095?
382176
In base 15, what is -4de7 + 404d?
-d99
In base 9, what is 2 + -61134?
-61132
In base 8, what is 4 - -622756046?
622756052
In base 15, what is 8 + -17945?
-1793c
In base 4, what is -2121333021301 + -2?
-2121333021303
In base 11, what is 5 + 5827552?
5827557
In base 16, what is -f78 + 51ee?
4276
In base 11, what is -23 - -1265877?
1265854
In base 9, what is -257366 - 42?
-257418
In base 13, what is 0 - -23669409?
23669409
In base 4, what is -12 - 120330201203?
-120330201221
In base 9, what is 335 + 247436?
247772
In base 7, what is -5 + -65326013?
-65326021
In base 5, what is -10003023144 + 212?
-10003022432
In base 10, what is 2 - -112368?
112370
In base 14, what is -48d + 12c0?
c31
In base 10, what is 28901942 + 0?
28901942
In base 10, what is -13 - 1823226?
-1823239
In base 11, what is -11148774 - -8?
-11148767
In base 11, what is 2451a + a?
24529
In base 6, what is -154 + 440021154?
440021000
In base 4, what is -1110322 - -2013012?
302030
In base 4, what is 10020233 + -12322?
10001311
In base 10, what is 38303116 - 2?
38303114
In base 6, what is -5 + 2540035220?
2540035211
In base 4, what is 301213 + -1331020?
-1023201
In base 16, what is 668 + 25d2?
2c3a
In base 7, what is 43644 + 310?
44254
In base 15, what is -28a0 + 17da?
-10b5
In base 10, what is -5 + -3879402?
-3879407
In base 4, what is -213 - -110123021201?
110123020322
In base 13, what is -3 - -3ccb8?
3ccb5
In base 7, what is -46 - -53001654?
53001605
In base 14, what is 38c5 - -49?
3930
In base 10, what is 39093696 - 3?
39093693
In base 12, what is 4 + -23979b?
-239797
In base 7, what is 4 - -34145433?
34145440
In base 16, what is -17d - -e1229?
e10ac
In base 13, what is 3897 + -1ac4b?
-17384
In base 7, what is 11254666 - 34?
11254632
In base 10, what is -248723 + 125?
-248598
In base 10, what is -48215 - 241?
-48456
In base 4, what is 10 - -102011322332?
102011323002
In base 3, what is 101100220 - -22000?
101122220
In base 13, what is 945 - 1477?
-832
In base 3, what is -100020000211211011 - 1?
-100020000211211012
In base 3, what is -12 - 102122210112?
-102122210201
In base 11, what is -9 + -6517446?
-6517454
In base 2, what is 1000000011100001011010 + -11?
1000000011100001010111
In base 9, what is -46 + -505381?
-505437
In base 6, what is 4531444 + 13411?
4545255
In base 12, what is -143380 + -126?
-1434a6
In base 10, what is -54 - -2542593?
2542539
In base 2, what is -110 + 1010010101001111100010001?
1010010101001111100001011
In base 4, what is -121101030132 + 3?
-121101030123
In base 14, what is 5 + 460c7?
460cc
In base 16, what is -a71e - -78?
-a6a6
